{"id":278,"date":"2018-05-24T15:46:37","date_gmt":"2018-05-24T15:46:37","guid":{"rendered":"https:\/\/www.sportfreunde-boden.de\/?page_id=278"},"modified":"2018-05-26T08:56:10","modified_gmt":"2018-05-26T08:56:10","slug":"datenschutz","status":"publish","type":"page","link":"https:\/\/www.sportfreunde-boden.de\/?page_id=278","title":{"rendered":"Datenschutz"},"content":{"rendered":"<p class=\"western\" style=\"text-align: left;\" align=\"center\"><span style=\"font-size: large;\"><span lang=\"de-DE\"><u><b>Datenschutzerkl\u00e4rung<\/b><\/u><\/span><\/span><\/p>\n<p lang=\"de-DE\"><span style=\"font-family: Times New Roman, serif;\"><span style=\"font-size: medium;\"><span style=\"font-family: Helvetica, serif;\"><span style=\"font-size: small;\">Die im Folgenden aufgef\u00fchrten datenschutzrechtlichen Hinweise informieren Sie \u00fcber die im Zusammenhang mit dem Besuch der Website erhobenen personenbezogenen Daten und deren Nutzung.<\/span><\/span><\/span><\/span><\/p>\n<p lang=\"de-DE\"><span style=\"font-family: Times New Roman, serif;\"><span style=\"font-size: medium;\"><span style=\"font-family: Helvetica, serif;\"><span style=\"font-size: small;\">Der Verantwortliche im Sinne der Datenschutz-Grundverordnung und anderer nationaler Datenschutzgesetze der Mitgliedsstaaten sowie sonstiger datenschutzrechtlicher Bestimmungen ist:<\/span><\/span><\/span><\/span><\/p>\n<p><span lang=\"de-DE\">Sportfreunde Boden e.V.<br \/>\n1. Vorsitzender, Herr Frank Keller<br \/>\nBergstrasse 5<br \/>\n56424 Staudt<br \/>\nTel.: 02602-80914<br \/>\nEmail: <a href=\"&#x6d;a&#x69;&#108;t&#x6f;&#58;&#x76;&#111;r&#x73;&#116;&#x61;&#110;d&#x40;&#115;&#x70;&#x6f;r&#x74;&#102;r&#x65;&#117;&#x6e;&#100;e&#x2d;&#98;&#x6f;&#100;e&#x6e;&#46;&#x64;&#x65;\">&#118;&#x6f;&#114;&#x73;&#116;&#x61;n&#x64;&#64;&#x73;p&#111;&#x72;&#116;&#x66;&#114;&#x65;&#117;&#x6e;d&#x65;-&#x62;o&#100;&#x65;&#110;&#x2e;&#100;&#x65;<\/a><\/span><\/p>\n<p>&nbsp;<\/p>\n<p class=\"western\"><span lang=\"de-DE\"><b>I. Datenverarbeitung auf der Website<\/b><\/span><\/p>\n<p class=\"western\"><span lang=\"de-DE\"><b>Umfang der Verarbeitung personenbezogener Daten<\/b><\/span><span lang=\"de-DE\"><br \/>\nWir erheben und verwenden personenbezogene Daten unserer Nutzer grunds\u00e4tzlich nur, soweit dies zur Bereitstellung einer funktionsf\u00e4higen Website sowie unserer Inhalte und Leistungen erforderlich ist. Die Erhebung und Verwendung personenbezogener Daten unserer Nutzer erfolgt regelm\u00e4\u00dfig nur nach Einwilligung des Nutzers. Eine Ausnahme gilt in solchen F\u00e4llen, in denen eine vorherige Einholung einer Einwilligung aus tats\u00e4chlichen Gr\u00fcnden nicht m\u00f6glich ist und die Verarbeitung der Daten durch gesetzliche Vorschriften gestattet wird.<\/span><\/p>\n<p class=\"western\"><span lang=\"de-DE\"><b>Datenl\u00f6schung und Speicherdauer<\/b><\/span><span lang=\"de-DE\"><b><br \/>\n<\/b><\/span><span lang=\"de-DE\">Die personenbezogenen Daten der betroffenen Person werden gel\u00f6scht oder gesperrt, sobald der Zweck der Speicherung entf\u00e4llt. Eine Speicherung kann dar\u00fcber hinaus erfolgen, wenn dies durch den europ\u00e4ischen oder nationalen Gesetzgeber in unionsrechtlichen Verordnungen, Gesetzen oder sonstigen Vorschriften, denen der Verantwortliche unterliegt, vorgesehen wurde. Eine Sperrung oder L\u00f6schung der Daten erfolgt auch dann, wenn eine durch die genannten Normen vorgeschriebene Speicherfrist abl\u00e4uft.<\/span><\/p>\n<p class=\"western\" lang=\"de-DE\"><span lang=\"de-DE\"><b>Bereitstellung der Website und Erstellung von Logfiles<\/b><\/span><span lang=\"de-DE\"><b><br \/>\n<\/b><\/span><span lang=\"de-DE\">Bei jedem Aufruf unserer Internetseite erfasst unser System automatisiert Daten und Informationen vom Computersystem des aufrufenden Rechners. Zweck der vor\u00fcbergehenden Datenspeicherung in den Logfiles ist die Sicherstellung einer funktionsf\u00e4higen Website. Rechtsgrundlage f\u00fcr die vor\u00fcbergehende Speicherung der Daten in den Logfiles ist demnach ein berechtigtes Interesse gem\u00e4\u00df Art. 6 Abs. 1 lit. f DSGVO.<\/span><\/p>\n<p class=\"western\"><span lang=\"de-DE\">Folgende Daten werden hierbei erhoben:<br \/>\n\u2022 Informationen \u00fcber den Browsertyp und die verwendete Version<br \/>\n\u2022 Das Betriebssystem des Nutzers<br \/>\n\u2022 Den Internet-Service-Provider des Nutzers<br \/>\n\u2022 Die IP-Adresse des Nutzers<br \/>\n\u2022 Datum und Uhrzeit des Zugriffs<br \/>\n\u2022 Websites, von denen das System des Nutzers auf unsere Internetseite gelangt (Referrer-URL)<br \/>\n\u2022 Websites, die vom System des Nutzers \u00fcber unsere Website aufgerufen werden<\/span><\/p>\n<p class=\"western\"><span lang=\"de-DE\">Die Daten werden gel\u00f6scht, sobald sie f\u00fcr die Erreichung des Zwecks nicht mehr erforderlich sind. Im Falle der Erfassung der Daten zur Bereitstellung der Website, ist dies der Fall, wenn die Sitzung beendet ist. Die Erhebung der Daten und die Speicherung in den Logfiles sind f\u00fcr den Betrieb der Website dringend erforderlich. Eine Widerspruchm\u00f6glichkeit besteht mithin nicht.<\/span><\/p>\n<p class=\"western\" lang=\"de-DE\"><span lang=\"de-DE\"><b>Cookies<\/b><\/span><span lang=\"de-DE\"><br \/>\nDiese Website verwendet sogenannte Cookies. Hierbei handelt es sich um kleine Dateien, die Ihr Browser automatisch erstellt und die auf Ihrem Endger\u00e4t (Laptop, Tablet, Smartphone o.\u00e4.) gespeichert werden, wenn Sie unsere Seite besuchen. Cookies richten auf Ihrem Endger\u00e4t keinen Schaden an, enthalten keine Viren, Trojaner oder sonstige Schadsoftware. In dem Cookie werden Informationen abgelegt, die sich jeweils im Zusammenhang mit dem spezifisch eingesetzten Endger\u00e4t ergeben. Dies bedeutet jedoch nicht, dass wir dadurch unmittelbar Kenntnis von Ihrer Identit\u00e4t erhalten. Der Einsatz von Cookies dient einerseits dazu, die Nutzung unseres Angebots f\u00fcr Sie angenehmer zu gestalten. So setzen wir sogenannte Session-Cookies ein, um zu erkennen, dass Sie einzelne Seiten unserer Website bereits besucht haben. Diese werden nach Verlassen unserer Seite automatisch gel\u00f6scht. Dar\u00fcber hinaus setzen wir ebenfalls zur Optimierung der Benutzerfreundlichkeit tempor\u00e4re Cookies ein, die f\u00fcr einen bestimmten festgelegten Zeitraum auf Ihrem Endger\u00e4t gespeichert werden. Besuchen Sie unsere Seite erneut, um unsere Dienste in Anspruch zu nehmen, wird automatisch erkannt, dass Sie bereits auf der Website waren und welche Eingaben und Einstellungen sie get\u00e4tigt haben, um diese nicht noch einmal eingeben zu m\u00fcssen. Zum anderen setzten wir Cookies ein, um die Nutzung unserer Website statistisch zu erfassen und zum Zwecke der Optimierung unseres Angebotes f\u00fcr Sie auszuwerten. Diese Cookies erm\u00f6glichen es uns, bei einem erneuten Besuch unserer Seite automatisch zu erkennen, dass Sie bereits bei uns waren. Diese Cookies werden nach einer jeweils definierten Zeit automatisch gel\u00f6scht. Die durch Cookies verarbeiteten Daten sind f\u00fcr die genannten Zwecke zur Wahrung unserer berechtigten Interessen sowie der Dritter nach Art. 6 Abs. 1 S. 1 lit. f DSGVO erforderlich. Die meisten Browser akzeptieren Cookies automatisch. Sie k\u00f6nnen Ihren Browser jedoch so konfigurieren, dass keine Cookies auf Ihrem Computer gespeichert werden oder stets ein Hinweis erscheint, bevor ein neuer Cookie angelegt wird. Die vollst\u00e4ndige Deaktivierung von Cookies kann jedoch dazu f\u00fchren, dass Sie nicht alle Funktionen der Website nutzen k\u00f6nnen.<\/span><\/p>\n<p class=\"western\" lang=\"de-DE\"><span lang=\"de-DE\"><b>Newsletter<\/b><\/span><\/p>\n<p class=\"western\"><span lang=\"de-DE\">F\u00fcr den am Newsletter angemeldete Benutzer speichern wir dessen Mailadresse und dessen Synonym oder Name. Auf seinen Wunsch hin kann dieser Account unverz\u00fcglich entfernt werden. Oder er kann per UNSUBSCRIBE selbst den Newsletter abbestellen und somit technisch seine Mailverbindung aus dem Newsletter l\u00f6schen.<\/span><\/p>\n<p class=\"western\" lang=\"de-DE\"><span lang=\"de-DE\"><b>Bildergalerie<\/b><\/span><\/p>\n<p class=\"western\"><span lang=\"de-DE\">Im Bilderalbum der Sportfreunde-Boden werden Bilder einzelner Mitglieder oder Ex-Mitglieder ver\u00f6ffentlicht. Dort sind nur Bilder ver\u00f6ffentlicht die auf \u00f6ffentlichen Veranstaltungen aufgenommen wurden. Auf Wunsch des Beteiligten k\u00f6nnen einzelne Aufnahmen mit seinem Ebenbild entfernt werden.<\/span><\/p>\n<p class=\"western\" lang=\"de-DE\"><span lang=\"de-DE\"><b>Google Analytics<\/b><\/span><span lang=\"de-DE\"><br \/>\nDiese Website benutzt Google Analytics, einen Webanalysedienst der Google Inc. <\/span>(1600 Amphitheatre, Mountain View, CA 94043, USA; folgend: \u201eGoogle\u201c). Google Analytics verwendet sog. <span lang=\"de-DE\">\u201eCookies\u201c, Textdateien, die auf Ihrem Computer gespeichert werden und die eine Analyse der Benutzung der Website durch Sie erm\u00f6glichen. Die durch den Cookie erzeugten Informationen Browser-Typ\/-Version, Betriebssystem, Refeerer-URL, IP-Adresse) \u00fcber Ihre Benutzung dieser Website werden in der Regel an einen Server von Google in den USA \u00fcbertragen und dort gespeichert. Im Falle der Aktivierung der IP-Anonymisierung auf dieser Webseite, wird Ihre IP-Adresse von Google jedoch innerhalb von Mitgliedstaaten der Europ\u00e4ischen Union oder in anderen Vertragsstaaten des Abkommens \u00fcber den Europ\u00e4ischen Wirtschaftsraum zuvor gek\u00fcrzt. Nur in Ausnahmef\u00e4llen wird die volle IP-Adresse an einen Server von Google in den USA \u00fcbertragen und dort gek\u00fcrzt. Im Auftrag des Betreibers dieser Website wird Google diese Informationen benutzen, um Ihre Nutzung der Website auszuwerten, um Reports \u00fcber die Websiteaktivit\u00e4ten zusammenzustellen und um weitere mit der Websitenutzung und der Internetnutzung verbundene Dienstleistungen gegen\u00fcber dem Websitebetreiber zu erbringen. Die im Rahmen von Google Analytics von Ihrem Browser \u00fcbermittelte IP-Adresse wird nicht mit anderen Daten von Google zusammengef\u00fchrt. Sie k\u00f6nnen die Speicherung der Cookies durch eine entsprechende Einstellung Ihrer Browser-Software verhindern; wir weisen Sie jedoch darauf hin, dass Sie in diesem Fall gegebenenfalls nicht s\u00e4mtliche Funktionen dieser Website vollumf\u00e4nglich werden nutzen k\u00f6nnen. Sie k\u00f6nnen dar\u00fcber hinaus die Erfassung der durch das Cookie erzeugten und auf Ihre Nutzung der Website bezogenen Daten (inkl. Ihrer IP-Adresse) an Google sowie die Verarbeitung dieser Daten durch Google verhindern, indem sie das unter dem folgenden Link (<a href=\"http:\/\/tools.google.com\/dlpage\/gaoptout?hl=de\">http:\/\/tools.google.com\/dlpage\/gaoptout?hl=de<\/a>) verf\u00fcgbare Browser-Plugin herunterladen und installieren.<br \/>\nN\u00e4here Informationen zu Nutzungsbedingungen und Datenschutz finden Sie unter Mehr Informationen zum Umgang mit Nutzerdaten bei Google Analytics finden Sie in der Datenschutzerkl\u00e4rung von Google: <a href=\"https:\/\/support.google.com\/analytics\/answer\/6004245?hl=de.\">https:\/\/support.google.com\/analytics\/answer\/6004245?hl=de.<\/a> Wir weisen Sie darauf hin, dass auf dieser Webseite Google Analytics um den Code \u201egat._anonymizeIp();\u201c erweitert wurde, um eine anonymisierte Erfassung von IP-Adressen (sog. IP-Masking) zu gew\u00e4hrleisten. Rechtsgrundlage f\u00fcr den Einsatz von Google-Analytics und die vor\u00fcbergehende Speicherung der Daten, ist ein berechtigtes Interesse gem\u00e4\u00df Art. 6 Abs. 1 lit. f DSGVO. Die Erhebung der Daten dient der Analyse des Nutzerverhaltens, um die Webangebote zu optimieren.<\/span><\/p>\n<p class=\"western\" lang=\"de-DE\"><span lang=\"de-DE\"><b>II. Rechte der Betroffenen<\/b><\/span><span lang=\"de-DE\"><br \/>\nSobald personenbezogene Daten von Ihnen gem\u00e4\u00df der DSGVO verarbeitet werden, gelten Sie als betroffene Person. Dementsprechend haben Sie das Recht:<\/span><\/p>\n<ul>\n<li>\n<p class=\"western\"><span lang=\"de-DE\">Ihre einmal erteilte Einwilligung jederzeit gegen\u00fcber uns zu widerrufen. Dies hat zur Folge, dass wir die Datenverarbeitung, die auf dieser Einwilligung beruhte, f\u00fcr die Zukunft nicht mehr fortf\u00fchren d\u00fcrfen;<\/span><\/p>\n<\/li>\n<li>\n<p class=\"western\"><span lang=\"de-DE\">Auskunft \u00fcber Ihre von uns verarbeiteten personenbezogenen Daten zu verlangen. Insbesondere k\u00f6nnen Sie Auskunft \u00fcber die Verarbeitungszwecke, die Kategorie der personenbezogenen Daten, die Kategorien von Empf\u00e4ngern, gegen\u00fcber denen Ihre Daten offengelegt wurden oder werden, die geplante Speicherdauer, das Bestehen eines Rechts auf Berichtigung, L\u00f6schung, Einschr\u00e4nkung der Verarbeitung oder Widerspruch, das Bestehen eines Beschwerderechts, die Herkunft ihrer Daten, sofern diese nicht bei uns erhoben wurden, sowie \u00fcber das Bestehen einer automatisierten Entscheidungsfindung einschlie\u00dflich Profiling und ggf. aussagekr\u00e4ftigen Informationen zu deren Einzelheiten verlangen.<\/span><\/p>\n<\/li>\n<li>\n<p class=\"western\"><span lang=\"de-DE\">unverz\u00fcglich die Berichtigung unrichtiger oder Vervollst\u00e4ndigung Ihrer bei uns gespeicherten personenbezogenen Daten zu verlangen;<\/span><\/p>\n<\/li>\n<li>\n<p class=\"western\"><span lang=\"de-DE\">die L\u00f6schung Ihrer bei uns gespeicherten personenbezogenen Daten zu verlangen, soweit nicht die Verarbeitung zur Aus\u00fcbung des Rechts auf freie Meinungs\u00e4u\u00dferung und Information, zur Erf\u00fcllung einer rechtlichen Verpflichtung, aus Gr\u00fcnden des \u00f6ffentlichen Interesses oder zur Geltendmachung, Aus\u00fcbung oder Verteidigung von Rechtsanspr\u00fcchen erforderlich ist;<\/span><\/p>\n<\/li>\n<li>\n<p class=\"western\"><span lang=\"de-DE\">die Einschr\u00e4nkung der Verarbeitung Ihrer personenbezogenen Daten zu verlangen, soweit die Richtigkeit der Daten von Ihnen bestritten wird, die Verarbeitung unrechtm\u00e4\u00dfig ist, Sie aber deren L\u00f6schung ablehnen und wir die Daten nicht mehr ben\u00f6tigen, Sie jedoch diese zur Geltendmachung, Aus\u00fcbung oder Verteidigung von Rechtsanspr\u00fcchen ben\u00f6tigen oder Sie gem\u00e4\u00df Art. 21 DSGVO Widerspruch gegen die Verarbeitung eingelegt haben;<\/span><\/p>\n<\/li>\n<li>\n<p class=\"western\"><span lang=\"de-DE\">ihre personenbezogenen Daten, die Sie uns bereitgestellt haben, in einem strukturierten, g\u00e4ngigen und maschinenlesebaren Format zu erhalten oder die \u00dcbermittlung an einen anderen Verantwortlichen zu verlangen und<\/span><\/p>\n<\/li>\n<li>\n<p class=\"western\"><span lang=\"de-DE\">Sich bei einer Aufsichtsbeh\u00f6rde zu beschweren. In der Regel k\u00f6nnen Sie sich hierf\u00fcr an die Aufsichtsbeh\u00f6rde Ihres \u00fcblichen Aufenthaltsortes oder Arbeitsplatzes oder unseres Vereinssitzes wenden. Ein anderweitiger verwaltungsrechtlicher oder gerichtlicher Rechtsbehelf bleibt hiervon unbeschadet.<\/span><\/p>\n<\/li>\n<li>\n<p class=\"western\"><span lang=\"de-DE\">Werden Ihre personenbezogenen Daten auf der Grundlage von berechtigten Interessen gem\u00e4\u00df Art. 6 Abs. 1 S. 1 lit. f DSGVO verarbeitet, haben Sie das Recht, gem\u00e4\u00df Art. 21 DSGVO Widerspruch gegen die Verarbeitung Ihrer personenbezogenen Daten einzulegen, soweit daf\u00fcr Gr\u00fcnde vorliegen, die sich aus Ihrer besonderen Situation ergeben. Dieses Recht gilt auch f\u00fcr ein auf diese Bestimmungen gest\u00fctztes Profiling. Der Verantwortliche verarbeitet die Sie betreffenden personenbezogenen Daten nicht mehr, es sei denn, er kann zwingende schutzw\u00fcrdige Gr\u00fcnde f\u00fcr die Verarbeitung nachweisen, die Ihre Interessen, Rechte und Freiheiten \u00fcberwiegen, oder die Verarbeitung dient der Geltendmachung, Aus\u00fcbung oder Verteidigung von Rechtsanspr\u00fcchen.<\/span><\/p>\n<\/li>\n<\/ul>\n<p class=\"western\" lang=\"de-DE\" align=\"justify\"><span lang=\"de-DE\"><b>III. Aktualit\u00e4t<\/b><\/span><span lang=\"de-DE\"><br \/>\nDie vorliegende Datenschutzerkl\u00e4rung ist aktuell und entspricht den, ab dem 25.05.2018, g\u00fcltigen Vorschriften der EU-Datenschutzgrundverordnung (DSGVO). Die jeweils aktuelle Datenschutzerkl\u00e4rung ist jederzeit auf unserer Website unter der Rubrik Datenschutzerkl\u00e4rung abrufbar (www.sportfreunde-boden.de)<\/span><\/p>\n<p class=\"western\" align=\"justify\">\n","protected":false},"excerpt":{"rendered":"<p>Datenschutzerkl\u00e4rung Die im Folgenden aufgef\u00fchrten datenschutzrechtlichen Hinweise informieren Sie \u00fcber die im Zusammenhang mit dem Besuch der Website erhobenen personenbezogenen Daten und deren Nutzung. Der Verantwortliche im Sinne der Datenschutz-Grundverordnung und anderer nationaler Datenschutzgesetze der Mitgliedsstaaten sowie sonstiger datenschutzrechtlicher Bestimmungen ist: Sportfreunde Boden e.V. 1. Vorsitzender, Herr Frank Keller Bergstrasse 5 56424 Staudt Tel.: 02602-80914 &hellip; <a href=\"https:\/\/www.sportfreunde-boden.de\/?page_id=278\" class=\"more-link\"><span class=\"screen-reader-text\">\u201eDatenschutz\u201c <\/span>weiterlesen<\/a><\/p>\n","protected":false},"author":1,"featured_media":0,"parent":0,"menu_order":0,"comment_status":"closed","ping_status":"closed","template":"","meta":{"footnotes":""},"class_list":["post-278","page","type-page","status-publish","hentry"],"post_mailing_queue_ids":[],"_links":{"self":[{"href":"https:\/\/www.sportfreunde-boden.de\/index.php?rest_route=\/wp\/v2\/pages\/278","targetHints":{"allow":["GET"]}}],"collection":[{"href":"https:\/\/www.sportfreunde-boden.de\/index.php?rest_route=\/wp\/v2\/pages"}],"about":[{"href":"https:\/\/www.sportfreunde-boden.de\/index.php?rest_route=\/wp\/v2\/types\/page"}],"author":[{"embeddable":true,"href":"https:\/\/www.sportfreunde-boden.de\/index.php?rest_route=\/wp\/v2\/users\/1"}],"replies":[{"embeddable":true,"href":"https:\/\/www.sportfreunde-boden.de\/index.php?rest_route=%2Fwp%2Fv2%2Fcomments&post=278"}],"version-history":[{"count":2,"href":"https:\/\/www.sportfreunde-boden.de\/index.php?rest_route=\/wp\/v2\/pages\/278\/revisions"}],"predecessor-version":[{"id":283,"href":"https:\/\/www.sportfreunde-boden.de\/index.php?rest_route=\/wp\/v2\/pages\/278\/revisions\/283"}],"wp:attachment":[{"href":"https:\/\/www.sportfreunde-boden.de\/index.php?rest_route=%2Fwp%2Fv2%2Fmedia&parent=278"}],"curies":[{"name":"wp","href":"https:\/\/api.w.org\/{rel}","templated":true}]}}