{"id":14,"date":"2017-10-16T16:04:30","date_gmt":"2017-10-16T16:04:30","guid":{"rendered":"http:\/\/s522701322.online.de\/?page_id=14"},"modified":"2017-10-17T19:28:24","modified_gmt":"2017-10-17T19:28:24","slug":"hilfe-fuer-blog-autoren","status":"publish","type":"page","link":"https:\/\/www.sportfreunde-boden.de\/?page_id=14","title":{"rendered":"Hilfe f\u00fcr Blog-Autoren"},"content":{"rendered":"<p>Was ist ein Blog ?<br \/>\nein Blog ist so was wie ein elektronisches Tagebuch.<\/p>\n<p>Siehe: http:\/\/de.wikipedia.org\/wiki\/Blog<\/p>\n<p>F\u00fcr wen ist der Blog gedacht?<br \/>\nF\u00fcr alle Mitglieder der Sportfreunde Boden oder deren G\u00e4ste und Fans.<\/p>\n<p>Wie kann ich aktiv mitwirken?<br \/>\nEinfach bei Alex oder Volker melden und wir richten Dich als Autor hier ein.<\/p>\n<p>Wie schreibe ich einen Artikel?<br \/>\nAnmelden, dann im Men\u00fc oben auf &#8222;Schreiben&#8220; gehen, dann auf Beitrag schreiben und schon kann man einen Artikel schreiben. Zum Schlu\u00df muss man auf den Button &#8222;Ver\u00f6ffentlichen&#8220; gehen und schon landet der Artikel auf der Homepage. \u00dcbrigens: Der Knigge empfiehlt, seinen eigenen Namen unter den Artikel zu setzen, damit man direkt sieht, wer was verfasst hat.<\/p>\n<p>Wenn ich die Returntaste beim Artikel-Schreiben dr\u00fccke, kommt immer direkt ein ganzer Absatz hin. Wie kann ich direkt eine Zeile drunter schreiben?<br \/>\nEinfach Shift-Return, anstatt nur Return dr\u00fccken.<\/p>\n<p>Wie kann ich einen Artikel kommentieren?<br \/>\nEigentlich genauso wie einen Artikel zu schreiben. Anmelden und dann beim Artikel einfach auf &#8222;Kommentieren&#8220; gehen und schon gehts ab. Zum Schlu\u00df wieder auf &#8222;Ver\u00f6ffentlichen&#8220; gehen.<\/p>\n<p>Kann ich auch Bilder hochladen?<br \/>\nKlar, d\u00fcrfen aber nicht gr\u00f6\u00dfer als 2 MByte sein und sollten kein \u00e4\u00f6\u00fc, etc. im Namen haben. Dazu einfach einen Artikel schreiben und im unteren Bereich gibts de M\u00f6glichket zum Upload (hochladen auf den Server) von Bildern, PDFs, oder Kurzvideos, z.B. vom Handy. Wenn der Anhang erfolgreich hochgeladen wurde, sieht man ihn im Fenster und kann dann draufklicken. Dann kann man entscheiden, ob man nur ein Thumbnail (Mini-Bild) oder das Originalbild in den Artikel aufnehmen m\u00f6chte. Und, ja, abspeichern, bzw. ver\u00f6ffentlichen nicht vergessen.<\/p>\n<p>Aber es gibt Regeln !!!<br \/>\nBeitrage die menschenverachtend, beleidigend, pornografisch oder rechtsradikal sind, werden von mir ohne R\u00fccksprache gel\u00f6scht. Benutzer die f\u00fcr mich nicht klar im Namen oder Emailadresse als Vereinsmitglied oder Bekannte unseres Vereins erkennbar sind, werden von mir gel\u00f6scht. Wenn dies eskalieren sollte, nehme ich die freie Anmeldem\u00f6glichkeit raus und erlaube nur noch eine Anmeldung nach R\u00fccksprache.<\/p>\n<p>Ich w\u00fcnsche viel Spa\u00df beim Schreiben.<br \/>\nAlex<\/p>\n<p>&nbsp;<\/p>\n","protected":false},"excerpt":{"rendered":"<p>Was ist ein Blog ? ein Blog ist so was wie ein elektronisches Tagebuch. Siehe: http:\/\/de.wikipedia.org\/wiki\/Blog F\u00fcr wen ist der Blog gedacht? F\u00fcr alle Mitglieder der Sportfreunde Boden oder deren G\u00e4ste und Fans. Wie kann ich aktiv mitwirken? Einfach bei Alex oder Volker melden und wir richten Dich als Autor hier ein. Wie schreibe ich &hellip; <a href=\"https:\/\/www.sportfreunde-boden.de\/?page_id=14\" class=\"more-link\"><span class=\"screen-reader-text\">\u201eHilfe f\u00fcr Blog-Autoren\u201c <\/span>weiterlesen<\/a><\/p>\n","protected":false},"author":1,"featured_media":0,"parent":0,"menu_order":0,"comment_status":"closed","ping_status":"closed","template":"","meta":{"footnotes":""},"class_list":["post-14","page","type-page","status-publish","hentry"],"post_mailing_queue_ids":[],"_links":{"self":[{"href":"https:\/\/www.sportfreunde-boden.de\/index.php?rest_route=\/wp\/v2\/pages\/14","targetHints":{"allow":["GET"]}}],"collection":[{"href":"https:\/\/www.sportfreunde-boden.de\/index.php?rest_route=\/wp\/v2\/pages"}],"about":[{"href":"https:\/\/www.sportfreunde-boden.de\/index.php?rest_route=\/wp\/v2\/types\/page"}],"author":[{"embeddable":true,"href":"https:\/\/www.sportfreunde-boden.de\/index.php?rest_route=\/wp\/v2\/users\/1"}],"replies":[{"embeddable":true,"href":"https:\/\/www.sportfreunde-boden.de\/index.php?rest_route=%2Fwp%2Fv2%2Fcomments&post=14"}],"version-history":[{"count":3,"href":"https:\/\/www.sportfreunde-boden.de\/index.php?rest_route=\/wp\/v2\/pages\/14\/revisions"}],"predecessor-version":[{"id":88,"href":"https:\/\/www.sportfreunde-boden.de\/index.php?rest_route=\/wp\/v2\/pages\/14\/revisions\/88"}],"wp:attachment":[{"href":"https:\/\/www.sportfreunde-boden.de\/index.php?rest_route=%2Fwp%2Fv2%2Fmedia&parent=14"}],"curies":[{"name":"wp","href":"https:\/\/api.w.org\/{rel}","templated":true}]}}